3, 31, 24967
What are the prime factors of 1075150?
2, 5, 21503
What are the prime factors of 224982?
2, 3, 29, 431
List the prime factors of 15089085.
3, 5, 11, 1129
List the prime factors of 467350.
2, 5, 13, 719
List the prime factors of 351682.
2, 101, 1741
What are the prime factors of 1919089?
173, 11093
List the prime factors of 2162211.
3, 29, 857
What are the prime factors of 3444074?
2, 1722037
What are the prime factors of 1908341?
19, 47, 2137
What are the prime factors of 247090?
2, 5, 24709
List the prime factors of 38683.
101, 383
List the prime factors of 75667.
17, 4451
What are the prime factors of 471272?
2, 58909
List the prime factors of 966921.
3, 31, 37, 281
List the prime factors of 286094.
2, 53, 2699
What are the prime factors of 441582?
2, 3, 73597
List the prime factors of 150098.
2, 13, 23, 251
What are the prime factors of 6333353?
13, 197, 2473
What are the prime factors of 6701243?
19, 977
List the prime factors of 62893.
109, 577
List the prime factors of 25233846.
2, 3, 11, 382331
What are the prime factors of 623398?
2, 353, 883
List the prime factors of 353277.
3, 17, 2309
What are the prime factors of 1667585?
5, 333517
List the prime factors of 195242.
2, 41, 2381
What are the prime factors of 3719089?
11, 557, 607
What are the prime factors of 20958?
2, 3, 7, 499
What are the prime factors of 7702309?
17, 23, 19699
What are the prime factors of 26045?
5, 5209
List the prime factors of 3738936.
2, 3, 43, 3623
List the prime factors of 435416.
2, 37, 1471
List the prime factors of 14402519.
17, 179, 4733
List the prime factors of 1659902.
2, 29, 28619
List the prime factors of 5278991.
5278991
What are the prime factors of 2139323?
2139323
What are the prime factors of 6341832?
2, 3, 7, 12583
List the prime factors of 430190.
2, 5, 43019
What are the prime factors of 19543778?
2, 17, 574817
What are the prime factors of 181483?
127, 1429
What are the prime factors of 280180?
2, 5, 14009
What are the prime factors of 293059?
13, 22543
List the prime factors of 1770104.
2, 7, 73, 433
What are the prime factors of 174596?
2, 43649
What are the prime factors of 4766423?
4766423
What are the prime factors of 12418203?
3, 7, 41, 14423
What are the prime factors of 9250172?
2, 127, 131, 139
What are the prime factors of 387648?
2, 3, 673
What are the prime factors of 2238569?
2238569
List the prime factors of 5609.
71, 79
What are the prime factors of 9633218?
2, 7, 688087
What are the prime factors of 959000?
2, 5, 7, 137
What are the prime factors of 5443863?
3, 89, 20389
What are the prime factors of 837461?
837461
What are the prime factors of 242422?
2, 53, 2287
What are the prime factors of 185352?
2, 3, 7723
List the prime factors of 262952.
2, 32869
List the prime factors of 4038255.
3, 5, 13, 59
List the prime factors of 946638.
2, 3, 7, 11, 683
List the prime factors of 3832974.
2, 3, 70981
List the prime factors of 24853495.
5, 4970699
List the prime factors of 267903.
3, 17, 103
What are the prime factors of 1079955?
3, 5, 103, 233
What are the prime factors of 526149?
3, 13, 1499
What are the prime factors of 107956?
2, 137, 197
List the prime factors of 722225.
5, 7, 4127
List the prime factors of 2242802.
2, 29, 38669
What are the prime factors of 30004509?
3, 59, 283, 599
List the prime factors of 331406.
2, 165703
What are the prime factors of 170758?
2, 7, 12197
What are the prime factors of 480653?
83, 5791
What are the prime factors of 15285285?
3, 5, 339673
List the prime factors of 15715728.
2, 3, 7, 5197
What are the prime factors of 183641?
409, 449
What are the prime factors of 192689?
7, 27527
List the prime factors of 15286260.
2, 3, 5, 11, 19, 23, 53
What are the prime factors of 69051?
3, 23017
List the prime factors of 4603427.
23, 71, 2819
What are the prime factors of 242138?
2, 13, 67, 139
What are the prime factors of 710184?
2, 3, 127, 233
List the prime factors of 1130082.
2, 3, 19, 23, 431
What are the prime factors of 7643359?
7643359
List the prime factors of 714570.
2, 3, 5, 23819
List the prime factors of 17327428.
2, 4331857
What are the prime factors of 222945?
3, 5, 89, 167
What are the prime factors of 14962201?
14962201
List the prime factors of 13378992.
2, 3, 11, 25339
List the prime factors of 535645.
5, 11, 9739
What are the prime factors of 6631344?
2, 3, 46051
List the prime factors of 457794.
2, 3, 29, 877
What are the prime factors of 8615005?
5, 7, 17, 14479
What are the prime factors of 422421?
3, 139, 1013
List the prime factors of 41476034.
2, 269, 77093
What are the prime factors of 7914955?
5, 1582991
What are the prime factors of 927980?
2, 5, 46399
What are the prime factors of 3229523?
11, 61, 4813
List the prime factors of 65894.
2, 47, 701
What are the prime factors of 2540308?
2, 313, 2029
What are the prime factors of 266837?
266837
What are the prime factors of 268749?
3, 13, 2297
What are the prime factors of 528567?
3, 13, 13553
List the prime factors of 325881.
3, 36209
What are the prime factors of 9125938?
2, 1823, 2503
What are the prime factors of 6098351?
7, 31, 157, 179
What are the prime factors of 1600211?
1600211
List the prime factors of 2681826.
2, 3, 7, 63853
What are the prime factors of 138446?
2, 7, 11, 29, 31
List the prime factors of 177732.
2, 3, 4937
List the prime factors of 360893.
13, 17, 23, 71
List the prime factors of 1897457.
787, 2411
What are the prime factors of 239883?
3, 7, 11423
List the prime factors of 145165.
5, 29033
What are the prime factors of 5600663?
277, 20219
List the prime factors of 124646.
2, 62323
What are the prime factors of 176699?
176699
What are the prime factors of 981727?
283, 3469
List the prime factors of 1079845.
5, 13, 37, 449
List the prime factors of 22973783.
7, 17, 193057
What are the prime factors of 513626?
2, 256813
What are the prime factors of 32130?
2, 3, 5, 7, 17
List the prime factors of 276070.
2, 5, 19, 1453
List the prime factors of 22460814.
2, 3, 138647
List the prime factors of 483170.
2, 5, 19, 2543
List the prime factors of 2144441.
13, 12689
List the prime factors of 2922803.
13, 224831
List the prime factors of 185140.
2, 5, 9257
What are the prime factors of 835979?
835979
What are the prime factors of 267491?
7, 53, 103
List the prime factors of 373457.
7, 31, 1721
What are the prime factors of 4392365?
5, 359, 2447
List the prime factors of 11714658.
2, 3, 353, 5531
List the prime factors of 26456397.
3, 11, 801709
What are the prime factors of 647810?
2, 5, 64781
What are the prime factors of 455804?
2, 17, 6703
List the prime factors of 2117032.
2, 53, 4993
List the prime factors of 165190.
2, 5, 16519
What are the prime factors of 1451750?
2, 5, 5807
List the prime factors of 164526.
2, 3, 17, 1613
What are the prime factors of 4322751?
3, 173, 8329
What are the prime factors of 6523719?
3, 2174573
List the prime factors of 110723.
263, 421
What are the prime factors of 2837250?
2, 3, 5, 13, 97
What are the prime factors of 206489?
206489
List the prime factors of 126719.
126719
What are the prime factors of 2145148?
2, 536287
List the prime factors of 9628726.
2, 4814363
What are the prime factors of 6677988?
2, 3, 383, 1453
List the prime factors of 40598376.
2, 3, 7, 13, 29, 641
List the prime factors of 422411.
11, 3491
List the prime factors of 1048059.
3, 19, 227
List the prime factors of 7065822.
2, 3, 1177637
List the prime factors of 490857.
3, 131, 1249
What are the prime factors of 2460235?
5, 492047
List the prime factors of 5835966.
2, 3, 972661
What are the prime factors of 1587114?
2, 3, 97, 101
List the prime factors of 1673004.
2, 3, 17, 59, 139
List the prime factors of 2276325.
3, 5, 67, 151
What are the prime factors of 340607?
23, 59, 251
List the prime factors of 561650.
2, 5, 47, 239
What are the prime factors of 7858799?
13, 19, 31817
List the prime factors of 9104188.
2, 71, 32057
List the prime factors of 555846.
2, 3, 92641
List the prime factors of 6677057.
37, 113, 1597
List the prime factors of 11314019.
11314019
List the prime factors of 22346047.
22346047
List the prime factors of 388846.
2, 199, 977
List the prime factors of 10157571.
3, 19, 191, 311
What are the prime factors of 11488171?
11488171
List the prime factors o